t z = -1279 - -1282. What is y(z)?
5
Suppose l - 6 = -3*s, -5*l + 3*s + 0*s - 24 = 0. Let x be (0 - -4 - (-8)/l)*-6. Let z(c) = c**3 + 9*c**2 + 10*c + 11. Calculate z(x).
-5
Let x(p) = -p**3 + 11*p**2 + 13*p - 4. Let w = -905 + 632. Let s be w/(-39) - (1 - 6). Calculate x(s).
8
Let m(g) = g**3 - 14*g**2 + 13*g + 18. Let r = 35884 + -35871. Give m(r).
18
Let n(f) = -571*f + 565*f - 5 - 12. Let r(a) = 5*a + 19. Let h(m) = 4*n(m) + 5*r(m). Give h(-14).
13
Let g(z) = 5*z**2. Let k be g(1). Suppose m - 6*m = w + 14, -34 = -k*w + m. Let f(p) = -p + 4. Give f(w).
-2
Suppose -v = 13 - 15. Let b(t) = -347 + 2*t + 2*t**v + 172 - t**3 + 174. What is b(3)?
-4
Let n = 67 - 58. Suppose -2*w + 1 = -4*r + n, -5*w = -r - 16. Let s(m) = m**2 - 6*m + 3. What is s(w)?
-5
Suppose c - 3*b - 2 = 3, 0 = -5*b - 10. Let y(i) = 6*i**2 + 2*i + 1. Let q be y(c). Let w(u) = -5*u - 13 + 0*u + 4*u + 12. What is w(q)?
-6
Let h = 3 - 1. Let b(r) = -1055*r + 524*r + 528*r + h. Give b(-5).
17
Suppose 24 = 2*g - 4*q, -g - 3*g - 2*q = -8. Suppose 3*b + 17 = g*l, 4*l - 14 = 3*b - b. Let n(y) = -79*y**l - 3*y + 7 + 80*y**2 - 5*y - 2*y. Determine n(8).
-9
Let k = 75 - 74. Let m = 74 + -62. Let n(a) = -m*a + 6*a + 0*a + 1 + 0*a. What is n(k)?
-5
Let d(v) = 11*v + 35. Let p(c) = -4*c - 12. Let q(b) = -3*d(b) - 8*p(b). Suppose 0 = -3*l - 2*l - 3*t - 15, -l = 5*t + 25. Give q(l).
-9
Let v(i) = -32710 + 16343 + 16340 - i. Calculate v(-11).
-16
Suppose -3*h + 27 = 11*d - 12*d, 0 = -h + 2*d + 4. Let q(m) be the third derivative of m**4/4 - 2*m**3 + 38*m**2. Give q(h).
48
Let h(b) be the third derivative of b**6/60 - 13*b**5/60 - b**4/12 - 14*b**3/3 + 63*b**2 + 6*b - 4. Calculate h(7).
7
Let p(f) = 2 - 2 - f**3. Let d(u) = -2*u**3 - 2*u + 3. Let y(w) = -17*w - 256. Let q be y(-15). Let k(i) = q*d(i) + 3*p(i). Give k(2).
-7
Let a(q) = -4*q + 31. Let z(y) = -2*y**2 - 14*y - 6. Let o be z(-6). Calculate a(o).
7
Let p(v) = -7*v + 11 - 2 - 2*v + v**2. Suppose -269*m + 139*m + 109*m + 147 = 0. Determine p(m).
-5
Let k(v) = v**2 + 14*v + 23. Let w be (49/(-14) - 4) + 1/(-2). What is k(w)?
-25
Let i = 97 - -120. Suppose i = -13*g - 18*g. Let d(f) = f**2 + 6*f - 2. Give d(g).
5
Let l(s) = 79*s - 108. Let h(m) = 33*m - 43. Let u(k) = -12*h(k) + 5*l(k). What is u(-5)?
-19
Let g(c) = -8*c**2 + 13 + 3*c**3 - 19 + 137*c - 4*c**3 - 145*c. What is g(-7)?
1
Let g(y) = -y**2 + 22*y - 23. Let z = 1722 + -1701. Give g(z).
-2
Let p(i) = -i**2 - 8*i + 4. Let b(s) = s**3 + 2*s + 1. Let w(u) = -3*u**3 + 4*u**2 - 35*u - 103. Let o(q) = -4*b(q) - w(q). Let r be o(-4). What is p(r)?
-5
Let j(d) = 5*d**2 - d + 1. Let g be j(1). Suppose 2*i + g*i = 189. Suppose -5*h = -22 + i. Let y(t) = 3*t**2 + 2*t + 1. What is y(h)?
2
Suppose 0 = -5*b - 0*w + 3*w - 21, 0 = -4*b + 4*w - 20. Let f(h) = -h**2 + 5*h + 23. Determine f(b).
-1
Suppose -117 - 163 = 10*i. Let v be (-98)/i*(-8)/(-7). Let n(w) = -2*w**2 + 3*w. What is n(v)?
-20
Let h be (1*-152 - 1) + (-27 - -32). Let y = -152 - h. Let k(d) = d**3 + 5*d**2 + 6*d + 4. What is k(y)?
-4
Let w(y) = y**3 + 16*y**2 - 2*y - 34. Suppose 44*d - 26*d + 195 = -93. What is w(d)?
-2
Let a(t) = 20*t + 11. Let h be ((-12)/(-42) + 25/35 + 1)*1. Determine a(h).
51
Let a(z) be the third derivative of -z**5/60 + z**4/4 - z**3/3 - 187*z**2. Suppose 1 = 2*y - 7. Calculate a(y).
6
Let c(w) = 3*w**2 - 1. Suppose 4*u = -n + 7, -5*u - 4*n - 60 = -77. What is c(u)?
2
Suppose h - 4 = -5*f + 9, -2*h + 5*f - 34 = 0. Let j(g) = -11*g**2 + 8*g + 8. Let n(u) = 5*u**2 - 4*u - 4. Let y(t) = 6*j(t) + 13*n(t). Determine y(h).
-25
Let y(q) = -22 - 19 + 57 - 25 + 5*q + 18. Give y(8).
49
Suppose -9*l + 36 = 9*l. Let h(q) = q**l + 46*q + 0 - 47*q - 1. Determine h(3).
5
Let h = -4/45 - -121/180. Let j(q) be the second derivative of 23*q + 1/6*q**3 - 1/20*q**5 + 0 + h*q**4 - 1/2*q**2. Give j(7).
6
Let g be 0 + (-2)/(-5 - -3). Let t(a) = 15966 + 15988 + 14*a - 31955. Give t(g).
13
Let i = 15 - 14. Let n be (-3 - -3) + (7 - i). Let w be 3/(9/6)*(-15)/n. Let s(x) = -x**3 - 6*x**2 - 6*x - 2. What is s(w)?
3
Let v(j) = j + 10. Suppose -u - 1 = 0, 41*y + 13 = 44*y - u. Let k be ((-40)/(-25))/(y + (-105)/25). What is v(k)?
2
Let h(i) = -7*i + 31. Let f = 1349 - 1355. What is h(f)?
73
Let c be (-2)/(-10)*5*5. Let g(z) = -z + 7*z**2 + c*z + z**3 - 300 + 292. Determine g(-6).
4
Suppose -4*l = 20, -r + 5*l = -2 - 8. Let f = r - -17. Let u(m) = -5*m**2 + 1 + 4*m**2 + m**f - 3*m - 2*m**2. What is u(-3)?
-8
Let j(x) = -x**2 + 3*x - 7. Let i(c) = 3*c**3 - 27*c**2 + 4*c + 9. Let v be i(9). Suppose -3*r + v - 36 = 0. Calculate j(r).
-7
Let n(b) = -b**3 + 47*b**2 - 45*b - 57. Let v be (-6 - 0) + (-1664)/(-96)*3. Determine n(v).
-11
Let y(a) = a**2 - 15*a - 7. Let v(t) = t**3 - 7*t**2 - 8*t + 9. Let l be v(8). Determine y(l).
-61
Let s(y) = 5*y**3 + 2*y**2 + 3. Let b(z) = -24*z**3 - 11*z**2 + z - 16. Let j(d) = -2*b(d) - 11*s(d). What is j(-1)?
8
Let c(q) = 470*q**3 - 1404*q**3 + 466*q**3 - 6*q + 469*q**3 - 6 + 5*q**2 + 9. Let m(y) = -y**2 - 6*y - 4. Let t be m(-8). Let a = t + 14. What is c(a)?
3
Let u be -3 + (-6)/3 + 1. Let h(z) = -91*z. Let v(l) = -81*l - 1. Let x(w) = -8*h(w) + 9*v(w). Give x(u).
-5
Let j(l) = 2*l - 19. Let z = -1537 + 1093. Let o = z - -458. What is j(o)?
9
Let z(r) be the third derivative of r**4/2 - 73*r**3/6 - 38*r**2 + 19*r. What is z(6)?
-1
Suppose -24*n = -19*n - 20. Let b(c) = -c**3 + 5*c**2 + c + 1. Let u be b(5). Suppose -u*k + 10*k = n. Let h(w) = -w + 2. Determine h(k).
1
Let q(v) = 286*v + 269*v + 3*v**2 - 587*v. Give q(10).
-20
Suppose 544*v + 56 = 572*v. Let f(t) be the second derivative of 5*t**3/3 + 13*t. Calculate f(v).
20
Suppose 0 = -2*n + 14*k - 7*k - 32, -n + 3*k = 15. Let b(a) = -4*a - 26. What is b(n)?
10
Let c be -13 - -5 - (-1 + -15 + 6). Let j(y) = 2*y**2 + 5*y - 5. Give j(c).
13
Let m(g) = g**3 - 20*g**2 + 2*g - 35. Let z(j) = 602*j + 6642. Let q be z(-11). Calculate m(q).
5
Let k be (-56)/(-91)*(-637)/(-28). Let l(d) = -d**3 + 12*d**2 + 25*d + 41. Calculate l(k).
-1
Let l(g) = 1362*g + 1379*g + 6*g**2 + 3 - 2750*g + g**3. Calculate l(0).
3
Suppose -248*g = -279*g - 31. Let t(p) = 10*p**3 + 7*p + 7. Determine t(g).
-10
Let l(o) be the second derivative of o**3 + o**2 + 3*o - 76. Let w be 0 - -2*1 - -2. Suppose -5*u + w*v - 18 = 0, -4*v + 11 = -2*u - 1. Give l(u).
-10
Let y be ((5/3)/(-5))/(5/(-105)). Suppose -2*m = -y*u + 4*u + 5, 4*u - 6 = 3*m. Let c(i) = -i**3 + 3*i**2 - 4*i + 2. Give c(m).
-2
Let n(u) be the first derivative of u**4/4 + 2*u**3/3 - 3*u**2/2 + 4*u + 6927. Let f(y) = y - 7. Let q be f(3). Determine n(q).
-16
Let i(j) = -3 - 7*j + 10 + 1 + j**2. Let n(f) = -2*f**2 - 70*f + 154. Let b be n(2). Give i(b).
2
Suppose -2*u - m = 3*m + 20, 0 = -5*u + 3*m + 2. Let r(l) = 7*l + 19*l - 1 + 20*l - 5*l**2 - 48*l. Give r(u).
-17
Suppose 0 = -5*g, k + 1 = -4*g + 6*g. Let x(l) = -90*l. Let z(h) = h. Let i(u) = x(u) + 75*z(u). Give i(k).
15
Let k(h) be the first derivative of -3*h**2/2 + 30*h - 1204. Determine k(11).
-3
Let v(z) = -321*z + 3. Let s(j) = -80*j. Let g(a) = 4*s(a) - v(a). Determine g(-1).
-4
Suppose 4*x + 7*x + 10*x = -7*x - 59*x. Let u(w) = 2*w - 3 + 3*w + 0*w. Calculate u(x).
-3
Suppose g = -4*g + 3*i + 18, i = g - 2. Suppose 3*k + 15 = g*k + d, -k + 3*d = -5. Let q(v) = 0*v + k*v - v - 2*v. Calculate q(-3).
-6
Let s = -313 - -315. Let b be (-7*(-2)/(-14))/(s/26). Let c(v) = v**3 + 13*v**2 + v + 17. Determine c(b).
4
Let x = -12537 - -12543. Let d(q) = 4*q - 21. Determine d(x).
3
Let p(u) = u**2 - 3*u + 5. Let f be -225 + (-4)/4*(1 - -4). Let j = -226 - f. Give p(j).
9
Let r(p) be the third derivative of -p**5/20 - 31*p**4/24 + 4*p**3/3 - 3*p**2 - 3*p + 48. Calculate r(-9).
44
Let d(b) = -13*b - b**2 - 19 - 17 - 16 + 45. Let l(m) = 2*m**2 + 15*m + 8. Let g(p) = -3*d(p) - 2*l(p). Give g(10).
-5
Let h(l) = 4*l - 2. Let q = 21 - 30. Let t be (372/q + -2)/((-4)/6). Suppose o = -63 + t. Calculate h(o).
6
Let q(j) = -1 - 32*j - 32*j + 93*j - 34*j - 2*j. Let k be (-3 - (-3 - 2)) + -3. What is q(k)?
6
Let t(u) = 2*u**3 + 13*u**2 - 8*u + 17. Let m = 411 - 418. Determine t(m).
24
Let c(m) = 628*m - 1217*m + 580*m + 11. Give c(-4).
47
Suppose 4*b + 8 = -d, 0 = 2*b - 0 - 4. Let i(k) = k**3 + 16*k**2 + 4. Let g be i(d). Let t(o) be the second derivative of o**3/2 + 2*o**2 - 5*o. 